vative of j(d). Give b(-3).
4
Let a(x) = -3*x - 3*x + 5 - 2*x - 3*x + 10*x. Calculate a(14).
-9
Suppose 2*n - 16 = -4*b, 0 = -5*n + 3*b + 65 - 51. Let i(d) = 24*d - 9. Calculate i(n).
87
Let a(w) = w**3 + 5*w**2 - 1. Let k(u) = -15 + 18 - 14 - 2*u. Let q be k(-5). Let m be (-3 - -8)*(0 + q). Calculate a(m).
-1
Let p(z) be the first derivative of z**6/120 + z**5/6 + 5*z**4/12 + z**3/2 + 25*z**2/2 + 29. Let j(h) be the second derivative of p(h). Determine j(-9).
-6
Let s(y) = 123*y + 151. Let m(w) = -16*w - 20. Let d(k) = 23*m(k) + 3*s(k). Give d(-3).
-10
Let q(z) = -2*z**2 + 232*z - 679. Let j be q(113). Let o(h) = 13*h**3 - 5*h**2 - 2*h + 2. Determine o(j).
-14
Let y(u) = 3*u + 14. Let z be y(-4). Let b(i) = -2*i + 2 + z + 1 + 1. Calculate b(-5).
16
Let d(j) = j**3 + 9*j**2 - 5. Suppose 125 = -5*c - 335. Let a = 337 + -420. Let m = c - a. Determine d(m).
-5
Suppose z = -0*z - 3. Let p(d) = 7*d - 6. Let o(m) = -7*m + 5. Let g(a) = z*p(a) - 4*o(a). Let v(h) = h. Let x(u) = -g(u) + 6*v(u). Calculate x(9).
-7
Suppose 12*a - 376 = -785 + 385. Suppose -7 = -5*i + 3. Let w(k) = 2*k**2 - 3*k - 3. Let m(z) = 8*z**2 - 12*z - 13. Let q(r) = i*m(r) - 9*w(r). Determine q(a).
-13
Let d = 67 - 66. Let w = -4 + 9. Suppose -d = -3*j + w*l - 2, 39 = -5*j - l. Let s(p) = p**2 + 6*p + 2. Give s(j).
9
Let l(j) be the third derivative of -4*j + 1/24*j**4 + 20*j**2 + 0 - 1/3*j**3. Determine l(0).
-2
Let k be 4 - ((-32)/160 + 1/5). Suppose 26*m - 27*m + k = 0. Let x(q) = -5*q - 4. Calculate x(m).
-24
Let y(g) be the third derivative of 7*g**4/24 - 29*g**3/6 - g**2 - 517*g - 3. Calculate y(7).
20
Let t(u) = u**3 - 3*u**2 + 4. Suppose 5*g - 3*k - 1 = -4, 4*g + 8 = k. Let n = g + 6. What is t(n)?
4
Let k(n) = n**3 - 3*n**2 - 3*n + 1. Let v be (-396)/(-84) - (-4)/14. Suppose t - 30 = -0*t - v*i, -2*t - 5 = -3*i. What is k(t)?
36
Let b(u) be the third derivative of -7*u**5/30 - 7*u**4/24 - u**3 + 3*u**2 + 4*u + 163. Give b(-1).
-13
Let q(a) be the first derivative of -a**4/4 + 10*a**3/3 + 7*a**2/2 + 44*a - 4219. Calculate q(11).
0
Let n(g) = 5*g**3 + 152*g**2 + 5*g + 3. Let z(p) = p**3 + 52*p**2 + p. Let m(y) = n(y) - 3*z(y). Give m(-3).
-93
Let h = 370 - 367. Suppose -5*z - 4*k + h*k = 11, -z - k - 3 = 0. Let g(q) = -3*q**2 - 2*q - 1. Determine g(z).
-9
Suppose 22*z + 203 = 577. Let h(x) = -z + 9 - 2 + 6 + x. What is h(5)?
1
Let d(m) = 2*m**3 + 3*m**2 + 4*m + 2. Let f(j) = j**3 - 22*j**2 + 74*j - 38. Let w be f(18). Determine d(w).
-10
Let t(u) = -2*u**2 + 21*u - 3. Let v(s) = -s**2 + 8*s - 1. Let a(h) = 3*t(h) - 7*v(h). What is a(-11)?
42
Let o(n) = 21*n + 36. Let j be o(-1). Let l(d) = d**3 - 3 - 7 + j*d + 15*d**2 + 18. What is l(-14)?
-6
Let x(y) = -y - 35. Let u(h) = -h**2 - 104*h - 699. Let p be u(-7). Give x(p).
-15
Let b = -2914 - -2919. Let q(m) be the third derivative of 0 - 1/60*m**b - 5/6*m**3 + 7/24*m**4 + 0*m + 11*m**2. Calculate q(7).
-5
Let g(p) = -p**3 - 15*p**2 + 5. Let n be (-8 + 4)/(8/30). Give g(n).
5
Let v(u) be the first derivative of -u**3/3 + 7*u**2/2 - 5*u + 4. Let n(z) = z**3 + 2*z**2 - 21*z + 5. Let x be n(0). Determine v(x).
5
Suppose -8 = w - 3*w. Let o(h) = 330*h - 991*h + 339*h + 329*h - 9. Let k(i) = -12*i + 15. Let f(n) = 3*k(n) + 5*o(n). Calculate f(w).
-4
Suppose 0 = -4*l + 9*f + 7, 38*l = 40*l + 5*f - 13. Let q(g) be the second derivative of -1/12*g**l + 5*g + 0*g**2 + 0 + 7/6*g**3. Determine q(4).
12
Let k(j) = -j + 5. Let o be k(4). Let h(v) = 3*v**2 + 4*v + 3 - 2*v**2 + 2 - o. Suppose -b - 20*f - 19 = -17*f, 5*f = -b - 29. Give h(b).
4
Let r be ((-36)/27)/((-8)/3 + 2). Let t = 58 - 57. Let c(o) = -t - 99*o + 97*o + 7*o**2 - 4*o**2. What is c(r)?
7
Let p(h) = -h + 14. Suppose 5*w + 4*c = -10, -2*w - 3*c - 1 = -2*c. Suppose -4*m = s - w*m - 7, -4*s + 2*m = -18. Calculate p(s).
9
Let i(k) be the second derivative of -k**5/20 + k**3/2 + k**2 + 236*k. Let u = 465 - 467. Calculate i(u).
4
Let r(m) be the third derivative of -m**6/120 + 7*m**5/30 - 7*m**4/8 - 2*m**3 + 9*m**2 - 55*m. What is r(12)?
24
Let x(y) = 3*y**3 - 6*y**2 - 29*y - 16. Let j(h) = h**3 + 2*h**2. Let t(l) = -4*j(l) + x(l). Give t(-12).
44
Suppose -2*r + 15 = c, -4*r + 17 + 6 = -5*c. Let a(x) = -x**2 - 11*x + 121. Give a(r).
-5
Let l(k) be the second derivative of k**4/12 - k**3/3 + 3*k**2/2 + 3*k - 504. Suppose 5*r + 32 = 12. Determine l(r).
27
Let v(q) be the third derivative of -q**4/24 + 11*q**3/6 + 32*q**2 + 5*q. What is v(-2)?
13
Let b(z) = -z**2 + 6*z + 11. Suppose -684 = -4*d + 6*d. Let s = d + 350. Give b(s).
-5
Let n(c) = -34*c**2 + c - 1. Let l be n(1). Let i = -31 - l. Let b(x) = 4*x**2 - 2*x + x + x**i - 4*x - 3*x - 6. Give b(-5).
9
Suppose -12*z + 36 = -8*z. Let a(v) = 2*v**2 - 19*v + 4. Let s be a(z). Let q(x) = -5*x - 4. Calculate q(s).
21
Let r(j) = -4*j**3 + 14*j**2 + 29*j + 1. Let q = -12777 - -12782. Give r(q).
-4
Let d be ((-24)/6)/((-4)/266). Let l = d - 274. Let p(n) = 2*n - 3 + 2 - 1. Determine p(l).
-18
Let c(i) be the first derivative of i**5/20 + 5*i**4/12 - i**3/3 + 3*i**2 - 75*i + 33. Let u(s) be the first derivative of c(s). What is u(-5)?
16
Let l = -4824 + 4816. Let d(t) = -3*t - 24. Calculate d(l).
0
Let x(y) be the second derivative of y**5/20 + y**4/4 - y**3/3 - y + 30. Let a be 2*3/(-12)*6. Calculate x(a).
6
Let v(t) = 5*t - 1 - 3*t - 8*t. Let d(u) be the first derivative of -3*u**2/2 + 8*u + 4. Let s be d(3). Calculate v(s).
5
Let j(q) = q**3 - 10*q**2 + 8*q + 4. Suppose -53 = 28*d - 221. Let y(b) = 9*b - 45. Let g be y(d). Determine j(g).
-5
Let j(h) = 2 + 7*h + 7*h**2 + 1 - 2 - h**3. Let i = -12 + 112. Suppose -3*v - 76 = -i. Give j(v).
-7
Let z be -1 + (2 - (0 + 3)). Let a be 12/9 - z/(-6). Let q(d) = 812*d**3 + d - 1642*d**3 + 816*d**3. Give q(a).
-13
Let w = -10 + 13. Let k(c) = -c**2 - 6 - 3*c**2 + w*c**2 - 4*c + 4. Suppose 4*d + 5*f = 2 - 4, d = -4*f + 5. Calculate k(d).
1
Let j be (1/(-5))/(198/330) - 32/(-6). Let h(a) = -3*a**2 + 14*a - 3. Determine h(j).
-8
Let i = 3348 + -3346. Let d = -2 - 1. Let m be 0/(-2*(i + (-4 - d))). Let t(k) = -k + 4. Determine t(m).
4
Suppose 15*c - 414 = -369. Let y(s) be the third derivative of -s**4/24 + 3*s**3/2 + 136*s**2. Calculate y(c).
6
Let v(s) = s**3 - 5*s**2 + 5*s - 1. Suppose -3*a = 3*i - 36, 0 = -2*a + a + 4. Let f = i + 20. Let b = 32 - f. Determine v(b).
3
Let o(b) = 5*b**2 + 28*b + 1. Let u be ((-756)/(-45) + -18)/(1/5). Calculate o(u).
13
Let v(b) = 7 - 4*b - b + 4*b. Let l be (2/3)/(15 - ((-9414)/(-270) + -20)). Calculate v(l).
2
Let k(h) be the first derivative of -4*h - 1/4*h**4 - 170 + h**3 - 3/2*h**2. Give k(3).
-13
Let t(j) = -2*j**3 + 46*j**2 - 22*j + 507. Let q be t(23). Let b(u) = 11*u**3 - 11*u**2 + 8*u + 1. What is b(q)?
9
Let i(w) be the first derivative of -w**3/3 + 23*w**2/2 + 20*w - 1022. Determine i(22).
42
Let k(b) = -2*b**3 - 6*b**2 + 52*b - 1. Let o be k(-7). Let r(x) = -x**2 + 26*x - 1. Calculate r(o).
-28
Let y(p) be the second derivative of -1/6*p**4 - 1/2*p**2 + 1/20*p**5 - 3 - 4*p - 1/6*p**3. Calculate y(2).
-3
Suppose 60 = a + 31. Let b(x) = -x**2 - 3*x - a - 3*x - 18 + 46. Give b(-6).
-1
Let m(r) = r**2 + 2*r - 6. Let d(t) be the first derivative of t**3/3 + t**2/2 - 5*t + 5. Let x be d(-3). Let v be (2*(x + -2))/(14/35). What is m(v)?
9
Let r = 737 - 743. Let u(h) = -2*h + 7. Determine u(r).
19
Let g(l) = -l**2 + 8*l - 2. Let k(t) = t**2 - 8*t + 3. Let z(q) = -3*g(q) - 4*k(q). Let s(b) = 3*b**2 + 16*b - 38. Let c be s(2). Calculate z(c).
6
Let o(z) = -6 - 273*z + 3 + 275*z - 1. Give o(1).
-2
Let h(k) = -k**3 + 5*k**2 + 3*k. Suppose -3*z + s - 91 = -7*z, -3*z + 3*s + 87 = 0. Let u be ((-4)/z)/((-2)/(-30))*-2. Calculate h(u).
15
Let m(u) = 8*u**3 + 5*u**2 - 4*u - 1. Let v(k) = -93*k**3 - 54*k**2 + 44*k + 10. Let j(n) = -23*m(n) - 2*v(n). Give j(3).
6
Let n(y) = y**2 + 5*y - 5. Let j = -45 + 48. Suppose -j*q + 11 + 7 = -4*x, 65 = 5*q + 5*x. Suppose -q = 110*k - 108*k. Give n(k).
-5
Let n(u) be the second derivative of -u**5/4 + u**4/12 + 598*u. Let v = 23 - 22. Calculate n(v).
-4
Let o(v) = 25 - 407*v - 18380*v**2 - v**3 + 18365*v**2 + 383*v. What is o(-13)?
-1
Let p = 80688 + -80690. Let d(a) = -7*a - 6. Let b(t) = 13*t + 12. Let x(r) = -6*b(r) - 11*d(r). Calculate x(p).
-4
Let m(c) = -1 - 4 - 8*c - 3*c**2 + 2*c**2. Suppose 0 = u - 4*o + 2, -5*u + 4*o